common divisor of 1779791922 and 3582?
3582
Calculate the greatest common factor of 267 and 8729209.
89
Calculate the highest common divisor of 168091134 and 2262.
174
What is the highest common divisor of 8014878 and 18?
18
What is the highest common factor of 6946 and 150547?
151
Calculate the greatest common factor of 5557688 and 935976.
5288
What is the highest common factor of 2180 and 203842535?
545
What is the highest common divisor of 1432368 and 217616?
3248
Calculate the highest common factor of 5858892 and 9396.
324
Calculate the highest common factor of 89930 and 18887255.
1955
What is the highest common factor of 24189 and 249445031?
8063
Calculate the highest common divisor of 2660 and 79761164.
532
What is the highest common divisor of 184387233 and 3?
3
Calculate the greatest common divisor of 360 and 199889.
1
What is the greatest common divisor of 9372496 and 3575887?
8743
Calculate the highest common divisor of 1638 and 33601806.
126
What is the highest common factor of 1305 and 49230?
45
Calculate the greatest common factor of 6746 and 29332.
2
What is the greatest common divisor of 1020 and 18736635?
255
What is the highest common factor of 191672664 and 24?
24
What is the highest common divisor of 1230 and 124794?
6
Calculate the greatest common factor of 171912048 and 25872.
3696
Calculate the greatest common factor of 8249 and 176441.
73
What is the greatest common factor of 921228 and 60522?
462
Calculate the greatest common divisor of 18144 and 18805472.
224
Calculate the greatest common divisor of 4704 and 18417336.
1176
What is the highest common divisor of 183899 and 53111?
173
Calculate the greatest common divisor of 60 and 325559180.
20
Calculate the highest common divisor of 31 and 5772541.
31
Calculate the highest common divisor of 2111438 and 116.
2
What is the highest common divisor of 26 and 152675042?
26
Calculate the highest common divisor of 837683 and 253.
253
Calculate the greatest common divisor of 39848 and 3088322.
34
What is the greatest common factor of 12490917 and 182671?
6299
What is the greatest common divisor of 5016924 and 2916?
108
Calculate the greatest common factor of 1956 and 34718511.
489
What is the greatest common factor of 20 and 83171630?
10
Calculate the greatest common divisor of 72466114 and 1246.
1246
What is the highest common divisor of 1666 and 66096646?
238
Calculate the highest common divisor of 174428650 and 415.
415
What is the highest common factor of 180433 and 119768?
11
What is the greatest common divisor of 1358 and 10332828?
194
What is the highest common factor of 54 and 92476755?
27
What is the greatest common factor of 3981892 and 110252?
2564
Calculate the greatest common divisor of 231095 and 3670.
5
Calculate the highest common factor of 11424 and 1516928.
224
What is the greatest common divisor of 1657063 and 30331?
619
What is the greatest common factor of 124956584 and 40?
8
What is the highest common factor of 610 and 117694010?
610
What is the highest common divisor of 23413 and 9?
1
What is the greatest common divisor of 31310 and 77810?
310
What is the greatest common factor of 7733249 and 568?
71
Calculate the greatest common factor of 22948 and 3503620322.
11474
Calculate the highest common factor of 284 and 50525872.
284
Calculate the highest common factor of 726 and 135058748.
242
Calculate the greatest common factor of 1105559 and 7217.
7
What is the greatest common factor of 325 and 7969?
13
Calculate the highest common divisor of 5 and 145737755.
5
What is the highest common divisor of 61465295 and 194140?
2855
What is the greatest common divisor of 13975 and 89360063?
559
Calculate the greatest common factor of 12488 and 50175223.
1561
What is the greatest common divisor of 11792 and 4097896?
88
Calculate the greatest common divisor of 5117 and 7545167.
301
What is the highest common divisor of 153144 and 5147928?
216
Calculate the greatest common factor of 15 and 467905.
5
Calculate the highest common factor of 24 and 246590536.
8
Calculate the highest common factor of 16926 and 737142.
42
Calculate the highest common divisor of 20799 and 8871929.
2311
What is the highest common divisor of 543359577 and 3?
3
What is the greatest common divisor of 378283 and 5?
1
What is the greatest common divisor of 21200 and 859525?
25
Calculate the highest common factor of 3596453 and 815093.
3863
Calculate the greatest common factor of 1289717 and 244673.
4147
Calculate the greatest common factor of 4488981 and 21.
21
Calculate the greatest common divisor of 1196394 and 48.
6
What is the highest common divisor of 140 and 16624300?
140
What is the highest common divisor of 182 and 59933042?
26
What is the highest common divisor of 784 and 29035504?
16
What is the highest common factor of 172494 and 12348?
126
What is the highest common factor of 69626616 and 192?
24
What is the greatest common divisor of 69027350 and 42?
14
Calculate the greatest common factor of 792 and 2525360.
8
What is the highest common divisor of 320 and 203907520?
320
Calculate the highest common divisor of 118025026 and 1274.
98
Calculate the greatest common factor of 80769 and 137332.
247
Calculate the highest common divisor of 71912 and 1575196.
404
What is the greatest common factor of 14591072 and 2720?
32
Calculate the greatest common divisor of 32829227 and 1377.
17
What is the highest common factor of 17870017 and 18029?
1639
What is the highest common factor of 5006 and 23680883?
2503
Calculate the greatest common factor of 7426 and 550558.
94
Calculate the highest common factor of 159859 and 1148.
287
What is the greatest common divisor of 4077 and 2282365?
151
What is the highest common factor of 343 and 1146012?
49
Calculate the greatest common factor of 25483 and 52151709.
1499
What is the greatest common factor of 126 and 46500876?
18
What is the highest common divisor of 805 and 405398?
161
Calculate the highest common factor of 681000 and 436200.
600
What is the highest common divisor of 135036 and 214458?
186
Calculate the highest common factor of 435 and 9021755.
145
What is the highest common divisor of 253122360 and 20?
20
Calculate the highest common factor of 754 and 3727718.
58
Calculate the highest common factor of 4217220 and 756.
252
What is the highest common factor of 580 and 972260?
20
What is the greatest common factor of 65670475 and 2015?
65
What is the greatest common divisor of 122628356 and 152?
76
Calculate the highest common factor of 77 and 7266809.
11
What is the highest common divisor of 42449 and 35151631?
3859
Calculate the greatest common divisor of 17885 and 785.
5
Calculate the greatest common factor of 191627802 and 1674.
1674
What is the highest common divisor of 4880195 and 15?
5
What is the highest common factor of 54 and 102016?
2
What is the highest common factor of 32401789 and 2905?
581
What is the highest common factor of 55539 and 139493772?
5049
Calculate the highest common divisor of 923773011 and 1668.
417
Calculate the greatest common factor of 53394166 and 28.
14
Calculate the highest common divisor of 92988 and 20959036.
1148
Calculate the highest common divisor of 23376 and 40628949.
1461
What is the greatest common divisor of 49059 and 261253?
79
What is the highest common divisor of 56 and 115918832?
8
Calculate the highest common factor of 4293324 and 76356.
756
What is the highest common factor of 8330 and 71680?
70
What is the highest common divisor of 418278 and 10350?
138
What is the greatest common divisor of 44000916 and 12?
12
What is the highest common divisor of 129425 and 387035?
155
Calculate the greatest common divisor of 4110 and 21180.
30
Calculate the greatest common factor of 15283 and 92752.
527
What is the highest common divisor of 1178 and 1894193?
31
Calculate the greatest common factor of 2091 and 450041.
17
What is the highest common divisor of 130 and 69777539?
13
What is the highest common factor of 6004 and 39181472?
316
What is the greatest common factor of 100 and 26331660?
20
Calculate the highest common divisor of 101955 and 116907.
21
Calculate the greatest common factor of 60 and 36992955.
15
What is the highest common factor of 5483813 and 14465?
263
What is the highest common divisor